umber?
True
Is 60265757 composite?
True
Is 1218279 prime?
False
Is 226773019 prime?
False
Is 2266617 a composite number?
True
Is 229282 composite?
True
Is 4987603 composite?
True
Is 174806557 composite?
True
Is 8053603 a prime number?
True
Is 2404981 a prime number?
False
Is 2137811 composite?
True
Is 169502993 a composite number?
True
Is 9933081 composite?
True
Is 400117 prime?
False
Is 76997593 prime?
True
Is 3221339 a prime number?
False
Is 15289233 composite?
True
Is 39776461 a composite number?
True
Is 74220199 a prime number?
True
Is 587876213 prime?
True
Is 927197 prime?
False
Is 138931 a composite number?
True
Is 3971327 a prime number?
False
Is 12069851 prime?
True
Is 472423 a prime number?
False
Is 1956623 prime?
False
Is 2820479 a composite number?
False
Is 7396219 a prime number?
False
Is 513990067 prime?
False
Is 275933 prime?
False
Is 31934822 a composite number?
True
Is 1004567 composite?
False
Is 4804441 a prime number?
False
Is 333401 composite?
True
Is 20125267 a composite number?
False
Is 27646039 a composite number?
True
Is 2385433 composite?
False
Is 1009814713 a composite number?
True
Is 2094409 a prime number?
False
Is 8486207 a composite number?
False
Is 932279 prime?
False
Is 13162969 prime?
False
Is 5621851 prime?
False
Is 2666585 a composite number?
True
Is 108616579 a prime number?
False
Is 361712041 prime?
False
Is 38383193 a composite number?
False
Is 424400507 prime?
True
Is 463949 a prime number?
True
Is 280529391 composite?
True
Is 2029926349 a prime number?
False
Is 299319821 composite?
False
Is 5356699 prime?
False
Is 165708841 a composite number?
True
Is 664177843 prime?
False
Is 20434069 a prime number?
True
Is 14184943 composite?
False
Is 71619243 a composite number?
True
Is 2223973 a prime number?
True
Is 2500331 prime?
True
Is 19038359 composite?
False
Is 48785549 a prime number?
True
Is 62374409 a composite number?
True
Is 20710249 composite?
True
Is 96543266 a composite number?
True
Is 73059131 composite?
False
Is 29687209 prime?
False
Is 6959089 prime?
False
Is 7241341 prime?
False
Is 2282587 a prime number?
True
Is 450233 prime?
False
Is 529247 prime?
False
Is 164605391 a composite number?
False
Is 36087351 a composite number?
True
Is 278945443 composite?
True
Is 6417563 prime?
True
Is 1814507 a prime number?
True
Is 194991 prime?
False
Is 10382098 a composite number?
True
Is 36688453 prime?
True
Is 71518 prime?
False
Is 3458023 prime?
False
Is 6269101 a composite number?
True
Is 5120803 a composite number?
True
Is 2620429 prime?
False
Is 3718303 a prime number?
True
Is 1163663 a composite number?
False
Is 838157 a composite number?
False
Is 18776269 a composite number?
False
Is 75306193 prime?
False
Is 38294769 prime?
False
Is 2054317 prime?
True
Is 4197766 a composite number?
True
Is 1428307 composite?
True
Is 354272969 a prime number?
True
Is 130379 a composite number?
False
Is 7204337 a composite number?
True
Is 22093087 prime?
False
Is 23896217 a prime number?
True
Is 7140803 prime?
True
Is 44296453 a composite number?
False
Is 54193823 a composite number?
False
Is 6091957 prime?
True
Is 38926285 a composite number?
True
Is 2851727 a composite number?
False
Is 7050619 prime?
True
Is 13952149 a prime number?
True
Is 8165249 a composite number?
False
Is 3511147 a prime number?
False
Is 1780703 a prime number?
True
Is 342935377 a composite number?
True
Is 14890363 a prime number?
False
Is 18359149 a prime number?
False
Is 102119 composite?
True
Is 78266647 composite?
False
Is 250822141 a prime number?
True
Is 1012331 a prime number?
False
Is 25776313 a composite number?
False
Is 59396597 a composite number?
True
Is 1210981 prime?
False
Is 46850473 composite?
True
Is 895189 a composite number?
False
Is 3046709 a composite number?
False
Is 372797 a prime number?
True
Is 42110179 a prime number?
False
Is 295741 a prime number?
False
Is 7484251 composite?
False
Is 60077 composite?
False
Is 1044071 a prime number?
False
Is 6718099 a prime number?
True
Is 67951841 a prime number?
False
Is 10176209 composite?
False
Is 28403671 composite?
False
Is 200122037 a prime number?
False
Is 12825983 composite?
True
Is 360947 composite?
False
Is 92862893 prime?
False
Is 11011919 composite?
True
Is 1490711 a composite number?
False
Is 715466 a composite number?
True
Is 18590002 a prime number?
False
Is 2791331 prime?
True
Is 3272914 a composite number?
True
Is 9072227 composite?
False
Is 60649145 a prime number?
False
Is 5246963 prime?
False
Is 214393831 composite?
False
Is 6229 a prime number?
True
Is 135280867 composite?
False
Is 23869189 composite?
False
Is 179469679 prime?
True
Is 13219111 composite?
False
Is 6751222 a prime number?
False
Is 215010949 composite?
False
Is 29356801 a prime number?
True
Is 4801033 composite?
False
Is 67282951 a composite number?
True
Is 736511 composite?
False
Is 75025381 a prime number?
False
Is 205158878 a composite number?
True
Is 2469091 prime?
False
Is 477347686 prime?
False
Is 2009957 composite?
False
Is 36365557 a prime number?
True
Is 11403841 composite?
True
Is 472973 composite?
True
Is 72029389 prime?
True
Is 645779 composite?
True
Is 443917517 a composite number?
False
Is 75783737 a prime number?
True
Is 175676939 composite?
True
Is 105722731 a composite number?
False
Is 26614153 prime?
True
Is 248603 a composite number?
True
Is 850813 prime?
False
Is 268205999 a composite number?
False
Is 9804061 a prime number?
True
Is 3777127 a prime number?
False
Is 560503241 prime?
True
Is 70965985 composite?
True
Is 374945435 composite?
True
Is 8093899 a composite number?
True
Is 81804497 composite?
True
Is 9208853 a composite number?
False
Is 46193671 prime?
False
Is 32063737 a prime number?
True
Is 49305463 composite?
True
Is 555335981 a composite number?
True
Is 1008661 prime?
False
Is 14006501 prime?
True
Is 3193081 a composite number?
False
Is 22051637 a prime number?
True
Is 148316713 composite?
False
Is 1012233 composite?
True
Is 58782427 composite?
True
Is 1834967 prime?
True
Is 6583637 a composite number?
False
Is 9082393 composite?
True
Is 21567083 composite?
False
Is 12605069 a composite number?
False
Is 70751741 prime?
True
Is 86792815 a composite number?
True
Is 310579 composite?
True
Is 4316681 composite?
False
Is 263541013 prime?
False
Is 356036521 prime?
True
Is 12937333 a composite number?
False
Is 2017669 a prime number?
True
Is 2028815 prime?
False
Is 22770049 a prime number?
True
Is 367163 prime?
True
Is 366956003 a composite number?
False
Is 6177257 composite?
True
Is 265797157 composite?
True
Is 4584707 a prime number?
False
Is 677566003 a prime number?
True
Is 88890033 prime?
False
Is 3789251 prime?
False
Is 3797161 composite?
False
Is 25919563 prime?
True
Is 219117599 composite?
False
Is 12507821 a prime number?
True
Is 5124841 composite?
True
Is 408587 composite?
True
Is 14896239 a composite number?
True
Is 14861389 composite?
True
Is 305468227 prime?
True
Is 17919371 composite?
False
Is 322849061 a composite number?
True
Is 130605173 prime?
False
Is 5134603 composite?
True
Is 8762051 prime?
True
Is 86762099 prime?
True
Is 146467705 composite?
True
Is 17728747 a composite number?
False
Is 1599238 composite?
True
Is 581792161 a composite number?
False
Is 621721 a prime number?
True
Is 503975503 a composite number?
False
Is 487042679 a prime number?
False
Is 63234503 a composite number?
False
Is 475315 composite?
True
Is 25310123 prime?
True
Is 25257497 a composite number?
False
Is 5204534 composite?
True
Is 1191053 a composite number?
True
Is 184230383 a prime number?
False
Is 3547381 a composite number?
True
Is 80240081 prime?
True
Is 31270843 a composite number?
True
Is 52279567 a prime number?
False
Is 406672547 composite?
True
Is 119882969 a prime number?
False
Is 225499159 composite?
False
Is 1337233 a prime number?
False
Is 39017417 a composite number?
False
Is 1595954 composite?
True
Is 40342843 prime?
False
Is 98903377 a prime number?
True
Is 153202431 composite?
True
Is 3024311 composite?
False
Is 468913333 a prime number?
False
Is 208645553 a composite number?
True
Is 64634909 prime?
True
Is 503665 composite?
True
Is 1084885159 a prime number?
True
Is 7769051 composite?
True
Is 18610723 composite?
True
Is 18106423 a composite number?
False
Is 1